
Let y be -1 + (-152)/(-26) - 20/(-130). Suppose -y*s + 5*t = -25, s - 3*t = -3*s + 15. Suppose 7*p - 1613 + 276 = s. What is the tens digit of p?
9
Let x be 1 + 2 - (18 + -11). What is the units digit of (0/(-1) - x) + (19 - -2)?
5
Let j(n) = -2*n + 13. Let m be j(10). Let s(g) = -132*g + 198. What is the tens digit of s(m)?
2
Let a(b) = -b**3 - 6*b**2 + 10. Let t be (2/(-5))/(38/1140). What is the hundreds digit of a(t)?
8
Let g = -106 + 96. What is the hundreds digit of (-10)/(-2) + (79740/(-9))/g?
8
Suppose 4*w - w - 5*j - 2552 = 0, -5*w - 2*j = -4274. Let f = 1792 - w. What is the hundreds digit of f?
9
Suppose -195763 - 136472 = -45*y. What is the units digit of y?
3
Suppose -5*o = -2*o - 5*d + 129, 4*o + d + 149 = 0. Let y(z) = -z**3 + 14*z**2 + 18*z - 6. Let m be y(15). Let k = m + o. What is the units digit of k?
1
Let d be (-4)/2*((-39)/6 - 4). Suppose 29958 - 4947 = d*s. What is the tens digit of s?
9
Suppose 0 = -13*x + 15*x. Suppose -2*n - u - u + 550 = x, -n - 2*u = -278. What is the units digit of n?
2
Let w(d) = 7069*d + 317. What is the tens digit of w(1)?
8
Let s(j) = 2*j + 1. Let l(u) = -3*u - 127. Let f(h) = -l(h) + 3*s(h). What is the units digit of f(30)?
0
Let s be 4 - 18/12 - (-3)/6. What is the units digit of (11/(-3) + 4)*s?
1
Let v(c) = c + 19. Let d be v(-15). Suppose -10 = g - f, -f = -d*g - g - 30. What is the hundreds digit of (-825)/10*16/g?
2
What is the hundreds digit of (-13353)/(10 + (-29 - -18))?
3
Suppose 6*c - 1 = 11. Suppose 0 = -c*h + 79 + 15. Let z = h + -8. What is the tens digit of z?
3
Suppose 0*b + 14 = b. Let p be 240/(-16)*b/(-3). Let v = p + -10. What is the units digit of v?
0
Let m(t) = -2*t**3 + 12*t**2 + 14*t + 10. Let n be m(7). Suppose -n*u - 27 = -u. What is the tens digit of 38 - 2/1 - u?
3
Suppose g = -4*d + 7495, -14333 = -3*g + 5*d + 8152. What is the thousands digit of g?
7
Let q(v) = v**2 - 55*v + 676. Let m be q(36). Let p(o) be the first derivative of o**3/3 - 13*o**2/2 - 11*o + 1. What is the units digit of p(m)?
7
Let z = 79317 + -53963. What is the ten thousands digit of z?
2
Let j(q) = -45*q + 55 + 85 - q**2 - 16 - 33. What is the units digit of j(-46)?
5
Let k be (-7 - -27)*((-27)/(-6))/(-3). Let y be (-282)/k + 1/((-5)/(-3)). Suppose -75 = 7*c - y*c. What is the units digit of c?
5
Suppose 22*c - 122 = -188. What is the tens digit of -2 - (c + -1)*322?
8
Let v(r) = -13*r - 654. Let s be v(-48). Suppose 16 = u + 3. What is the units digit of -2 - u/(65/s)?
4
Let k(u) = 4*u + 8. Let n = -17 + 29. Let i(s) = -s + 23. Let d be i(n). What is the units digit of k(d)?
2
Suppose -22 = -4*c + 382. Let q(w) = 5*w**2 - 2*w - 5. Let g be q(-3). Let o = c - g. What is the units digit of o?
5
Suppose 5*p = p + y + 139643, -28*p - 5*y = -977417. What is the ten thousands digit of p?
3
What is the tens digit of ((-34208)/3)/((-124)/186)?
0
What is the thousands digit of ((-177)/(-118) + (-3518)/(-4))*3?
2
Let o be (1 - 68/12)*-3. Let d = 122 - o. What is the hundreds digit of d?
1
Suppose -11*h = -12*h + 207. Suppose 519 - h = -4*t. Let r = 139 + t. What is the units digit of r?
1
Suppose -4*g + 5*u = -155004, -15*g - 3*u = -18*g + 116259. What is the thousands digit of g?
8
Let f be 1*((-21)/3 + 4208). Suppose -2*q = -3*z + f, q - 536 = -z + 871. What is the hundreds digit of z?
4
Let n = -61 + 52. Let y be (-6)/(-9)*1 + (-471)/n. Let u = y + -42. What is the units digit of u?
1
Let u(v) = 8*v**2 + v + 2. Let o be u(-5). Suppose z + 4*c + 99 = 0, -6*z = -9*z + 5*c - 229. Let b = z + o. What is the tens digit of b?
1
Let c(l) = -2*l + 31. Let f be c(16). What is the tens digit of ((-2)/f)/(80/7240)?
8
What is the hundreds digit of ((-135111)/4)/((-1617)/2156)?
0
Let n(a) = 7*a**2 - 3*a + 8. Let f be n(3). Let y = 69 - f. What is the units digit of y?
7
Let n = 66 - 128. Let a = -50 - n. Let w(x) = -x**3 + 14*x**2 - 15*x + 30. What is the tens digit of w(a)?
3
Suppose 478 = 2*w + 44. Let d = w - 121. Suppose d = -a + 276. What is the tens digit of a?
8
Suppose -22*j + y + 3360 = -27*j, -4*j + 3*y - 2688 = 0. What is the units digit of ((-25)/(-4) + -7)*j/2?
2
Let p(r) = 762*r + 1226. What is the tens digit of p(11)?
0
Let t(w) = w**3 - 19*w**2 - 15*w - 18. Let s(m) = -m**2 - 25*m - 4. Let n = -18 + -6. Let u be s(n). What is the units digit of t(u)?
2
Let f = -161 + 166. Let t be -2 + (2*-1 - -168). Suppose 2*s + 0*s = f*a + 132, -t = -2*s - 3*a. What is the tens digit of s?
7
Let t(b) = 4*b**2 - 3*b - 4. Suppose -3*j + 0*o - 9 = o, 2*j - 2*o + 6 = 0. Let w be t(j). Let y = w - -15. What is the units digit of y?
6
Let x(m) = 16 - m**2 - 5*m - 4 + 7. Let h be x(-8). What is the units digit of (5*-25)/h + -1?
4
Suppose -2*a = -4*p - 37890 + 107630, 3*p + 3*a = 52287. What is the hundreds digit of p?
4
Let m(u) be the first derivative of u**3/3 - u**2/2 - u + 17. Let s(w) = -17*w**2 + 7*w. Let p(q) = -6*m(q) - s(q). What is the units digit of p(4)?
8
Let p be (-786)/(-33) + 12/66. Let x = p + 14. What is the tens digit of x?
3
Let q(u) = 6*u**2 - u - 1. Let c(m) = -4*m + 50. Let f be c(12). Let w be (2 - 3) + f/(-4)*0. What is the units digit of q(w)?
6
Suppose -25*y - 280987 = -48*y + 16*y. What is the hundreds digit of y?
1
Let q(y) = -17*y**3 - 19*y**2 - 154*y - 45. What is the hundreds digit of q(-13)?
0
Let y(b) = 4*b - 38. Let a be y(12). Suppose -a*w + 15 = -5. Suppose 0 = -5*s + w*s + 93. What is the units digit of s?
1
Suppose 2*o - 24 = -2*w, -2*o + 5*w - 3 + 6 = 0. What is the tens digit of 378/o*((-16)/(-3) + 2)?
0
Let j = 42907 - 24296. What is the tens digit of j?
1
Let y = 216 - 202. What is the tens digit of ((-22)/6 - -2)/(y/(-1512))?
8
Let o = 192 + -190. Suppose 4*q - 5*q = 3*v - 1187, o*v - 803 = -3*q. What is the tens digit of v?
9
Suppose b - 118*b + 14949256 = 211*b. What is the hundreds digit of b?
5
Suppose 0 = -p + 10*p - 7128. Suppose -44*b + p = -40*b. What is the hundreds digit of b?
1
Suppose -7*n = -1 - 20. Let r(i) = 2*i - 5. Let j be r(n). What is the units digit of -2*(-2*23)/j?
2
Let g be (2 - 22/10)/(85/(-2125)). Suppose 1411 = f + 3*k, 7055 = 9*f - 4*f - g*k. What is the hundreds digit of f?
4
Suppose o = 4*f - 61, -5*f - 4*o + 18 = -74. Suppose f*x = 11*x + 110. What is the tens digit of x?
2
Let z(g) = g**2 + 2*g. Let i(v) = 15*v**2 + 7*v - 67. Let t(s) = i(s) + 6*z(s). What is the hundreds digit of t(9)?
8
Let d be 42456/30 + (-6)/30. Let w = 2912 - d. What is the thousands digit of w?
1
Suppose -108*m + 8458 = -574310. What is the hundreds digit of m?
3
Suppose 0 = -21*d + 1054464 + 602835. What is the thousands digit of d?
8
Let w(j) = -57*j**3 + 2*j**2 + 41. Let z be w(-7). What is the units digit of (z/(-20) - 9)*-2?
7
Let h(s) = -s**2 - 34*s - 192. Let y be h(-26). Suppose -y*l + 14*l = -3276. What is the tens digit of l?
3
What is the tens digit of 2/(11 + (1322682/(-165336) - 3))?
1
Let u(c) = -c + 9. Let m be u(-9). What is the tens digit of (-759)/(-5) - m/(-90)?
5
What is the tens digit of ((-10 + (-729)/(-72))*-4)/((-2)/37948)?
8
Let b be (1159 - 24/(-6))*1. Let o = b + -677. What is the tens digit of o?
8
Let z = -85 + 71. Let a be (1/(4/z))/(1/(-2)). Suppose -a*p = -1012 - 73. What is the hundreds digit of p?
1
Let f(p) = 5*p + 46. Let a be f(-8). Suppose a*i - 5*i - 616 = -d, -3*d = -9. What is the units digit of i?
3
Let q(m) = -9*m + 4. Let u be q(0). Suppose 0*t - 4*t + y = -885, 903 = u*t + 5*y. What is the hundreds digit of t?
2
Suppose -3*n + 5 = 4*z + 4, -10 = 2*n. Suppose -656 = -u + z*v, 3*u - 510 = v + 1447. What is the units digit of u?
2
Suppose 2189528 = 64*u + 198462 + 126298. What is the thousands digit of u?
9
Suppose -19*k = 41193 - 331597 - 489223. What is the units digit of k?
3
Suppose b + 215130 = 5*l, -5*l - 5*b + 238873 = 23743. What is the hundreds digit of l?
0
Let t(c) = -554*c - 2005. What is the units digit of t(-65)?
5
Let u = 41218 - 9551. What is the units digit of u?
7
Let k be (5/10)/((-2)/(-16)). Suppose 7*c - 2*c = -2*h + 1153, -4*h + 2292 = -k*c. What is the tens digit of h?
7
Let b be 4 + (-1 + 2)*-53. Suppose 5*m - 2*q - 35 = 0, -m + 2*q + 3 = -4. What is the tens digit of (-994)/b - (2/m)/1?
2
Let u be 2872/6 - 32/(-24). Suppose 19*r - 14*r = u. Let o = r - 49. What is the units digit of o?
7
Let f